27?
127
What is the highest common factor of 302 and 12986?
302
What is the greatest common divisor of 410 and 3772?
82
What is the greatest common factor of 6 and 758?
2
What is the greatest common divisor of 12 and 16?
4
Calculate the greatest common divisor of 70 and 77.
7
Calculate the greatest common factor of 64 and 256.
64
What is the greatest common factor of 42 and 8?
2
What is the greatest common divisor of 13 and 42575?
13
What is the greatest common divisor of 4829 and 11?
11
Calculate the greatest common factor of 4234 and 73.
73
What is the highest common factor of 20116 and 47?
47
What is the highest common factor of 418 and 76?
38
Calculate the highest common divisor of 27 and 17469.
27
What is the highest common factor of 26 and 8?
2
Calculate the greatest common factor of 423 and 3525.
141
What is the highest common divisor of 450 and 18?
18
What is the greatest common factor of 55 and 33?
11
Calculate the greatest common divisor of 14 and 2674.
14
Calculate the greatest common factor of 1395 and 2205.
45
What is the greatest common divisor of 95 and 190?
95
What is the greatest common divisor of 2185 and 230?
115
What is the highest common divisor of 40 and 18880?
40
Calculate the highest common factor of 96 and 15.
3
What is the greatest common factor of 4 and 316?
4
Calculate the greatest common factor of 105 and 30.
15
Calculate the highest common factor of 30 and 54.
6
Calculate the highest common factor of 5291 and 39.
13
Calculate the highest common factor of 1326 and 51.
51
What is the greatest common factor of 14 and 56?
14
Calculate the highest common factor of 280 and 56.
56
Calculate the highest common factor of 120 and 23640.
120
What is the highest common divisor of 28 and 5838?
14
Calculate the highest common factor of 4 and 68.
4
Calculate the greatest common factor of 624 and 48.
48
What is the greatest common divisor of 18 and 1452?
6
What is the greatest common divisor of 7 and 371?
7
Calculate the highest common divisor of 262 and 8.
2
What is the highest common divisor of 6889 and 249?
83
Calculate the greatest common divisor of 114 and 190.
38
Calculate the highest common factor of 94 and 8.
2
What is the greatest common divisor of 14 and 483?
7
Calculate the greatest common divisor of 3 and 66.
3
What is the highest common divisor of 61032 and 24?
24
What is the greatest common factor of 96 and 5664?
96
Calculate the greatest common factor of 12 and 64.
4
Calculate the greatest common factor of 59 and 2183.
59
Calculate the greatest common factor of 924 and 588.
84
Calculate the highest common factor of 6 and 4944.
6
What is the highest common divisor of 8 and 8?
8
What is the greatest common factor of 10 and 270?
10
What is the greatest common factor of 3318 and 6?
6
Calculate the greatest common factor of 237 and 96.
3
What is the greatest common divisor of 24 and 12?
12
Calculate the greatest common factor of 314 and 14.
2
What is the greatest common divisor of 90 and 54?
18
Calculate the highest common factor of 30 and 4470.
30
What is the highest common divisor of 1343 and 17?
17
What is the highest common factor of 51 and 6273?
51
Calculate the greatest common factor of 60 and 960.
60
Calculate the greatest common divisor of 47 and 7473.
47
What is the greatest common factor of 2 and 202?
2
What is the greatest common factor of 3819 and 114?
57
Calculate the highest common divisor of 9 and 2367.
9
What is the greatest common factor of 8 and 1256?
8
What is the greatest common factor of 183 and 27?
3
Calculate the greatest common divisor of 72 and 88.
8
What is the highest common factor of 168 and 56?
56
What is the greatest common divisor of 72 and 36?
36
What is the greatest common divisor of 8262 and 36?
18
What is the greatest common factor of 486 and 1026?
54
What is the highest common factor of 2014 and 95?
19
Calculate the highest common factor of 86 and 989.
43
Calculate the highest common factor of 33 and 75009.
33
What is the highest common factor of 40 and 170?
10
What is the highest common factor of 228 and 24?
12
What is the greatest common factor of 17 and 1989?
17
What is the highest common divisor of 7413 and 21?
21
What is the highest common factor of 165 and 30?
15
What is the highest common factor of 243 and 45?
9
What is the greatest common factor of 76 and 7600?
76
Calculate the greatest common divisor of 6 and 486.
6
What is the greatest common factor of 6 and 318?
6
Calculate the highest common factor of 33 and 29821.
11
Calculate the greatest common factor of 455 and 70.
35
What is the highest common factor of 216 and 8?
8
What is the highest common factor of 30 and 1458?
6
What is the greatest common factor of 7074 and 108?
54
What is the greatest common factor of 1027 and 65?
13
What is the greatest common factor of 84 and 108?
12
What is the highest common factor of 59 and 13?
1
Calculate the highest common factor of 11 and 7997.
11
Calculate the greatest common factor of 589 and 31.
31
Calculate the greatest common divisor of 13 and 325.
13
Calculate the greatest common factor of 2783 and 5687.
121
Calculate the greatest common divisor of 1531 and 2.
1
What is the greatest common factor of 110 and 165?
55
What is the highest common divisor of 354 and 6?
6
Calculate the greatest common factor of 85 and 34.
17
Calculate the highest common divisor of 140 and 240.
20
Calculate the greatest common divisor of 927 and 45.
9
What is the greatest common factor of 240 and 496?
16
What is the highest common divisor of 812 and 29?
29
Calculate the greatest common factor of 221 and 91.
13
What is the greatest common divisor of 35 and 2995?
5
What is the greatest common factor of 2176 and 384?
128
Calculate the greatest common factor of 28 and 28.
28
Calculate the greatest common divisor of 9 and 19.
1
What is the greatest common factor of 262 and 4?
2
What is the highest common factor of 78 and 12?
6
What is the greatest common factor of 168 and 10206?
42
Calculate the highest common factor of 62 and 341.
31
What is the highest common factor of 135 and 180?
45
What is the highest common divisor of 20615 and 57?
19
What is the greatest common divisor of 8107 and 242?
121
What is the greatest common factor of 1336 and 8?
8
Calculate the highest common factor of 247 and 26.
13
Calculate the greatest common divisor of 8 and 64.
8
Calculate the highest common divisor of 288 and 369.
9
Calculate the greatest common divisor of 7225 and 136.
17
What is the greatest common factor of 13398 and 616?
154
What is the highest common divisor of 1251 and 139?
139
Calculate the greatest common divisor of 11 and 341.
11
What is the highest common divisor of 16190 and 10?
10
What is the highest common divisor of 34 and 782?
34
What is the highest common divisor of 138 and 1587?
69
Calculate the highest common factor of 1116 and 48.
12
Calculate the greatest common divisor of 144 and 792.
72
Calculate the greatest common factor of 22887 and 27.
9
What is the greatest common factor of 6 and 597?
3
Calculate the greatest common divisor of 270 and 330.
30
What is the greatest common factor of 85 and 170?
85
What is the greatest common factor of 54 and 288?
18
What is the greatest common factor of 2315 and 40?
5
Calculate the greatest common divisor of 17 and 3.
1
Calculate the highest common divisor of 17 and 17.
17
What is the highest common divisor of 140 and 21?
7
What is the highest common divisor of 85 and 45?
5
What is the highest common factor of 94 and 16?
2
What is the greatest common factor of 649 and 472?
59
Calculate the highest common divisor of 22 and 66.
22
What is the greatest common factor of 2106 and 390?
78
What is the greatest common factor of 384 and 84?
12
Calculate the highest common factor of 88 and 11.
11
Calculate the greatest common factor of 198 and 216.
18
Calculate the highest common factor of 15280 and 80.
80
Calculate the highest common divisor of 26 and 13.
13
Calculate the highest common divisor of 2212 and 28.
28
Calculate the greatest common factor of 5 and 810.
5
What is the greatest common factor of 6 and 8922?
6
Calculate the greatest common factor of 39 and 364.
13
What is the highest common factor of 9860 and 116?
116
Calculate the highest common factor of 4 an